lse
Is 826460071 prime?
True
Is 20607999809 a prime number?
True
Is 1795906081 composite?
False
Is 2608657487 composite?
False
Is 26003617049 a prime number?
False
Is 13805220137 a prime number?
False
Is 619271293 a prime number?
True
Is 9643163737 a composite number?
True
Is 256983549 a composite number?
True
Is 2234657771 prime?
True
Is 7648237 a composite number?
False
Is 5589522249 a prime number?
False
Is 654525197 prime?
True
Is 21773589013 composite?
True
Is 1797433699 a prime number?
True
Is 32790815 composite?
True
Is 15445799543 prime?
True
Is 147173431 a prime number?
False
Is 48235286633 a prime number?
True
Is 506959979 a prime number?
False
Is 32243795303 a composite number?
False
Is 1132457939 prime?
True
Is 15561500921 prime?
True
Is 699533917 composite?
True
Is 449498677 a prime number?
True
Is 9715554997 a prime number?
True
Is 1287125309 a composite number?
False
Is 3615455773 prime?
False
Is 4544543357 a composite number?
False
Is 12055929335 a composite number?
True
Is 1381231669 a prime number?
True
Is 255901948689 a composite number?
True
Is 2737076963 composite?
False
Is 4227235291 a prime number?
False
Is 7718797489 prime?
False
Is 1304123063 composite?
False
Is 1654777559 a composite number?
True
Is 180905143399 composite?
False
Is 44986645061 a composite number?
False
Is 3124812359 a prime number?
True
Is 10574607593 a composite number?
True
Is 21416196603 a prime number?
False
Is 78440685023 a composite number?
True
Is 3738019319 prime?
False
Is 21597438353 prime?
True
Is 5393301139 a prime number?
False
Is 1221915967 a prime number?
True
Is 56509861 prime?
True
Is 5696455073 a composite number?
True
Is 38612278049 a composite number?
False
Is 66881879 a composite number?
True
Is 1499648273 a composite number?
False
Is 269918370147 a composite number?
True
Is 3182149847 prime?
False
Is 38740046 a prime number?
False
Is 22895454503 a prime number?
True
Is 1675206681 a prime number?
False
Is 814956131 a prime number?
False
Is 3122693401 composite?
True
Is 16389838889 a prime number?
True
Is 2470917147 composite?
True
Is 7155543365 a prime number?
False
Is 1124327857 composite?
True
Is 81497413577 prime?
True
Is 2463870751 a prime number?
True
Is 560070209 prime?
False
Is 2062049699 a prime number?
True
Is 7106040859 composite?
False
Is 1368670143 a prime number?
False
Is 8050983173 a composite number?
False
Is 100893921 composite?
True
Is 830726459 composite?
False
Is 64332823637 a composite number?
False
Is 34748249363 prime?
True
Is 63622751 a composite number?
False
Is 35971854791 a prime number?
True
Is 16342518587 a prime number?
False
Is 1981716313 prime?
False
Is 2469242141 a prime number?
True
Is 349942007 a composite number?
False
Is 97572862 a prime number?
False
Is 1757826703 prime?
False
Is 10591860493 composite?
False
Is 9401469709 prime?
True
Is 7112551631 a prime number?
False
Is 2905623757 prime?
True
Is 2453545993 composite?
True
Is 48621729634 a composite number?
True
Is 285531401 prime?
True
Is 1352989597 prime?
False
Is 73570240187 composite?
False
Is 27012588959 composite?
False
Is 49271399945 a composite number?
True
Is 11812224521 composite?
True
Is 6182243897 prime?
True
Is 7277559862 prime?
False
Is 7513459 composite?
False
Is 190580933 prime?
True
Is 95034311 a composite number?
False
Is 379793521 a prime number?
True
Is 56711311 a prime number?
True
Is 677353969 composite?
False
Is 3409817327 composite?
True
Is 46768785647 a prime number?
True
Is 3377296097 prime?
False
Is 13895296009 a prime number?
False
Is 71013273533 a composite number?
False
Is 177474248761 composite?
True
Is 637546267 a prime number?
False
Is 172070651 composite?
True
Is 70742197879 prime?
False
Is 7908118289 a prime number?
True
Is 10283570729 prime?
True
Is 874346981 a composite number?
True
Is 1533643 a composite number?
False
Is 2884629521 a composite number?
False
Is 16770828703 composite?
False
Is 7275323137 prime?
True
Is 73441819619 composite?
True
Is 4478929001 composite?
False
Is 53379761947 a prime number?
True
Is 3159279059 prime?
True
Is 4166269123 a composite number?
False
Is 391166203 a composite number?
False
Is 281510641 prime?
True
Is 15495466495 a prime number?
False
Is 2868347459 composite?
False
Is 860113837 composite?
True
Is 5909345943 composite?
True
Is 1694588237 a composite number?
True
Is 1395136685 composite?
True
Is 9238612151 a composite number?
False
Is 5960402951 composite?
False
Is 67418423 composite?
True
Is 618179621 a composite number?
True
Is 93414096409 a prime number?
False
Is 145922701 composite?
True
Is 285255781 a composite number?
False
Is 1018027617 a composite number?
True
Is 4828793083 composite?
True
Is 3817875319 a prime number?
False
Is 3478908041 a prime number?
False
Is 3617494431 a composite number?
True
Is 9773937169 prime?
True
Is 23385396407 prime?
False
Is 203755113533 composite?
False
Is 227757067 prime?
False
Is 1470205273 a prime number?
False
Is 2348597093 prime?
True
Is 2161285851 a prime number?
False
Is 26482145563 composite?
False
Is 50312183983 prime?
False
Is 7324140431 prime?
True
Is 13127419759 a composite number?
False
Is 1775262919 a composite number?
True
Is 12027073009 composite?
True
Is 68921259746 composite?
True
Is 8497208807 a prime number?
False
Is 44147879801 a composite number?
False
Is 7183921429 prime?
False
Is 255083813 a composite number?
True
Is 1150562977 prime?
False
Is 65339209 a prime number?
False
Is 32730059521 prime?
False
Is 1754528023 composite?
True
Is 201645565157 a prime number?
True
Is 1003227349 a composite number?
True
Is 5245122599 prime?
True
Is 6451245253 a prime number?
True
Is 2337453497 prime?
True
Is 407241073 composite?
True
Is 692849699 composite?
True
Is 950403271 composite?
True
Is 1056643543 a prime number?
True
Is 414571783 a composite number?
True
Is 9794751951 composite?
True
Is 14075970861 prime?
False
Is 413440057 a composite number?
True
Is 624935873 a prime number?
True
Is 124976141 composite?
False
Is 941867519 a prime number?
True
Is 1715437153 prime?
True
Is 318799447 a prime number?
False
Is 271293809 a composite number?
True
Is 2049084823 prime?
False
Is 497964619 composite?
False
Is 733267 prime?
False
Is 42104730719 a prime number?
True
Is 2290319807 composite?
False
Is 6812642581 composite?
True
Is 624804337 a prime number?
True
Is 60054949147 prime?
True
Is 1438717738 composite?
True
Is 9929516501 prime?
True
Is 3790807 prime?
True
Is 5454805621 composite?
True
Is 371410243 a prime number?
False
Is 2431753697 composite?
False
Is 7025089465 composite?
True
Is 64024367333 a composite number?
True
Is 1120820401 a prime number?
True
Is 2436399809 a prime number?
True
Is 944472863 a composite number?
True
Is 16755486779 prime?
False
Is 17457103619 composite?
False
Is 6840837499 a composite number?
False
Is 62548207 a composite number?
True
Is 1036688479 a prime number?
True
Is 1090479517 a composite number?
False
Is 5956002331 composite?
False
Is 347301859 prime?
False
Is 45845641391 composite?
True
Is 40149799 a prime number?
True
Is 4224223139 a composite number?
True
Is 14417315087 a composite number?
True
Is 14416800911 a composite number?
True
Is 344093086 composite?
True
Is 485881351 a prime number?
False
Is 1461934847 composite?
True
Is 550264153 composite?
False
Is 8291548591 composite?
False
Is 3917096993 composite?
True
Is 1765556381 prime?
False
Is 15776294819 composite?
False
Is 48368073827 a composite number?
False
Is 1197845002895 a prime number?
False
Is 7858195561 prime?
True
Is 57524538517 composite?
True
Is 5014722367 a composite number?
False
Is 35188238947 prime?
False
Is 1356519413 a composite number?
True
Is 62489168221 prime?
True
Is 18356443789 a prime number?
True
Is 2261357849 a composite number?
False
Is 202310866 a composite number?
True
Is 110649811 composite?
False
Is 3070354217 prime?
False
Is 847687937 composite?
False
Is 3617481541 a composite number?
False
Is 4352774971 prime?
False
Is 568714483 a composite number?
False
Is 7162371521 prime?
True
Is 783717379 a prime number?
True
Is 3265426607 composite?
True
Is 62605150499 prime?
False
Is 59445785569 a prime number?
False
Is 4809233291 a composite number?
False
Is 51675352853 composite?
False
Is 402725399 prim